{"id":286,"date":"2016-10-31T13:17:59","date_gmt":"2016-10-31T16:17:59","guid":{"rendered":"https:\/\/isfdimi-cba.infd.edu.ar\/sitio\/?page_id=286"},"modified":"2026-02-17T09:40:26","modified_gmt":"2026-02-17T12:40:26","slug":"inicio","status":"publish","type":"page","link":"https:\/\/isfdimi-cba.infd.edu.ar\/sitio\/","title":{"rendered":"Inicio"},"content":{"rendered":"<!-- MetaSlider 403 not found -->\n<p><img decoding=\"async\" loading=\"lazy\" class=\"alignnone size-full wp-image-1400\" src=\"https:\/\/isfdimi-cba.infd.edu.ar\/sitio\/wp-content\/uploads\/2026\/02\/PORTADA-magen-1.jpg\" alt=\"\" width=\"1000\" height=\"341\" srcset=\"https:\/\/isfdimi-cba.infd.edu.ar\/sitio\/wp-content\/uploads\/2026\/02\/PORTADA-magen-1.jpg 1000w, https:\/\/isfdimi-cba.infd.edu.ar\/sitio\/wp-content\/uploads\/2026\/02\/PORTADA-magen-1-768x262.jpg 768w\" sizes=\"(max-width: 1000px) 100vw, 1000px\" \/><\/p>\n<p style=\"text-align: center;\"><img decoding=\"async\" title=\"\" src=\"https:\/\/isfdimi-cba.infd.edu.ar\/sitio\/wp-content\/uploads\/2018\/08\/linea3.png\" alt=\"\" border=\"0\" \/><\/p>\n<div style=\"text-align: center;\"><span style=\"font-size: 18pt; color: #0000ff; font-family: andale mono,times;\"><strong>INSTITUTO \u00abDE MAR\u00cdA INMACULADA\u00bb<\/strong><\/span><\/div>\n<div style=\"text-align: center;\"><span style=\"font-size: 12pt; color: #0000ff; font-family: andale mono,times;\"><strong>Congregaci\u00f3n Hermanas Dominicas de San Jos\u00e9<\/strong><\/span><\/div>\n<div style=\"text-align: center;\"><span style=\"font-size: 12pt; color: #0000ff; font-family: andale mono,times;\"><strong>Las Varillas &#8211; C\u00f3rdoba<\/strong><\/span><\/div>\n<div style=\"text-align: center;\">\u00a0<\/div>\n<div style=\"text-align: center;\">\u00a0<\/div>\n<div style=\"text-align: center;\">\n<div><strong>Esta Instituci\u00f3n es Sede de la Red Provincial de Capacitaciones y Recursos TIC<\/strong><\/p>\n<div><img decoding=\"async\" loading=\"lazy\" src=\"https:\/\/isfdimi-cba.infd.edu.ar\/aula\/archivos\/repositorio\/\/0\/95\/logo_red.jpg\" width=\"352\" height=\"134\" border=\"0\" \/><\/div>\n<div><strong><a href=\"https:\/\/ccrticspiyce.blogspot.com.ar\/\">Blog del CCRTIC\u00a0<\/a><\/strong><\/div>\n<div>\n<table style=\"background-color: #ffffff; width: 620px; height: 360px;\" border=\"0\" cellspacing=\"8\" cellpadding=\"8\">\n<tbody>\n<tr>\n<td style=\"width: 50%; text-align: left; border: 1px solid #4b8fcc; background-color: #ffffff;\" valign=\"top\"><span style=\"font-family: 'trebuchet ms', geneva; font-size: 10pt;\"><img decoding=\"async\" title=\"\" src=\"https:\/\/isfdimi-cba.infd.edu.ar\/sitio\/wp-content\/uploads\/2018\/08\/redinfod.png\" alt=\"\" border=\"0\" \/><\/span><\/p>\n<p style=\"text-align: justify;\"><span style=\"font-family: verdana, geneva; font-size: 12pt;\">Junto con mas de 800 institutos, integramos la\u00a0<strong><em>Red\u00a0Virtual de Institutos Superiores de Formaci\u00f3n Docente<\/em><\/strong>\u00a0coordinada por el\u00a0<strong>INFD\u00a0<\/strong>(Instituto Nacional de Formaci\u00f3n Docente) dependiente del Ministerio de Educaci\u00f3n de la Naci\u00f3n Argentina.\u00a0<\/span><\/p>\n<\/td>\n<td style=\"border: 1px solid #4b8fcc; width: 50%; background-color: #f0f8ff;\" valign=\"top\">\n<p style=\"text-align: center;\"><span style=\"font-family: 'trebuchet ms', geneva; font-size: 14pt;\">\u00a0Recursos para el aula<\/span><\/p>\n<p style=\"text-align: center;\"><span style=\"font-family: 'trebuchet ms', geneva; font-size: 14pt;\"><img decoding=\"async\" style=\"border: 0;\" title=\"Canal Encuentro\" src=\"https:\/\/isfdimi-cba.infd.edu.ar\/sitio\/wp-content\/uploads\/2018\/08\/caja_encuentro_1.png\" alt=\"Canal Encuentro\" width=\"130\" border=\"0\" \/><img decoding=\"async\" style=\"border: 0;\" title=\"EducAR\" src=\"https:\/\/isfdimi-cba.infd.edu.ar\/sitio\/wp-content\/uploads\/2018\/08\/caja_educar_1.png\" alt=\"EducAR\" width=\"120\" border=\"0\" \/><img decoding=\"async\" title=\"El Monitor\" src=\"https:\/\/isfdimi-cba.infd.edu.ar\/sitio\/wp-content\/uploads\/2018\/08\/caja_monitor_1.png\" alt=\"El Monitor\" border=\"0\" \/><img decoding=\"async\" title=\"Repositorio Institucional\" src=\"https:\/\/isfdimi-cba.infd.edu.ar\/sitio\/wp-content\/uploads\/2018\/08\/caja_repo_1.png\" alt=\"Repositorio Institucional\" border=\"0\" \/><\/span><\/p>\n<\/td>\n<\/tr>\n<\/tbody>\n<\/table>\n<div><img decoding=\"async\" title=\"\" src=\"https:\/\/isfdimi-cba.infd.edu.ar\/sitio\/wp-content\/uploads\/2018\/08\/linea2.png\" alt=\"\" border=\"0\" \/><\/div>\n<\/div>\n<\/div>\n<\/div>\n","protected":false},"excerpt":{"rendered":"<p>INSTITUTO \u00abDE MAR\u00cdA INMACULADA\u00bb Congregaci\u00f3n Hermanas Dominicas de San Jos\u00e9 Las Varillas &#8211; C\u00f3rdoba \u00a0 \u00a0 Esta Instituci\u00f3n es Sede de la Red Provincial de Capacitaciones y Recursos TIC Blog del CCRTIC\u00a0 Junto con mas de 800 institutos, integramos la\u00a0Red\u00a0Virtual de Institutos Superiores de Formaci\u00f3n Docente\u00a0coordinada por el\u00a0INFD\u00a0(Instituto Nacional de Formaci\u00f3n Docente) dependiente del Ministerio &#8230; <a title=\"Inicio\" class=\"read-more\" href=\"https:\/\/isfdimi-cba.infd.edu.ar\/sitio\/\" aria-label=\"More on Inicio\">[+]<\/a><\/p>\n","protected":false},"author":1,"featured_media":0,"parent":0,"menu_order":0,"comment_status":"closed","ping_status":"closed","template":"","meta":[],"acf":[],"_links":{"self":[{"href":"https:\/\/isfdimi-cba.infd.edu.ar\/sitio\/wp-json\/wp\/v2\/pages\/286"}],"collection":[{"href":"https:\/\/isfdimi-cba.infd.edu.ar\/sitio\/wp-json\/wp\/v2\/pages"}],"about":[{"href":"https:\/\/isfdimi-cba.infd.edu.ar\/sitio\/wp-json\/wp\/v2\/types\/page"}],"author":[{"embeddable":true,"href":"https:\/\/isfdimi-cba.infd.edu.ar\/sitio\/wp-json\/wp\/v2\/users\/1"}],"replies":[{"embeddable":true,"href":"https:\/\/isfdimi-cba.infd.edu.ar\/sitio\/wp-json\/wp\/v2\/comments?post=286"}],"version-history":[{"count":130,"href":"https:\/\/isfdimi-cba.infd.edu.ar\/sitio\/wp-json\/wp\/v2\/pages\/286\/revisions"}],"predecessor-version":[{"id":1402,"href":"https:\/\/isfdimi-cba.infd.edu.ar\/sitio\/wp-json\/wp\/v2\/pages\/286\/revisions\/1402"}],"wp:attachment":[{"href":"https:\/\/isfdimi-cba.infd.edu.ar\/sitio\/wp-json\/wp\/v2\/media?parent=286"}],"curies":[{"name":"wp","href":"https:\/\/api.w.org\/{rel}","templated":true}]}}