{"id":816,"date":"2018-08-30T13:00:10","date_gmt":"2018-08-30T16:00:10","guid":{"rendered":"https:\/\/isfdimi-cba.infd.edu.ar\/sitio\/materiales-y-recursos\/"},"modified":"2021-07-28T08:41:44","modified_gmt":"2021-07-28T11:41:44","slug":"materiales-y-recursos","status":"publish","type":"page","link":"https:\/\/isfdimi-cba.infd.edu.ar\/sitio\/materiales-y-recursos\/","title":{"rendered":"Materiales y Recursos"},"content":{"rendered":"<h2 style=\"text-align: center;\"><span class=\"Borde_punteado\" style=\"color: #000080; font-size: 18pt;\"><span style=\"font-family: Arial;\"><strong>\u00a0<\/strong><\/span>Materiales y Recursos<\/span><\/h2>\n<p>\u00a0<\/p>\n<p><span style=\"color: #000080;\"><a href=\"https:\/\/www.slideshare.net\/ecavaignac\/guia-paralainclusionyequidadenlaeducacion\">Guia para la inclusi\u00f3n y equidad en la educaci\u00f3n<\/a><\/span><\/p>\n<p><a href=\"https:\/\/www.calameo.com\/read\/004729853fb65b2765e4c\">Competencia espiritual y curr\u00edculum<\/a><\/p>\n\n\n<p><\/p>\n","protected":false},"excerpt":{"rendered":"<p>\u00a0Materiales y Recursos \u00a0 Guia para la inclusi\u00f3n y equidad en la educaci\u00f3n Competencia espiritual y curr\u00edculum<\/p>\n","protected":false},"author":319,"featured_media":0,"parent":0,"menu_order":0,"comment_status":"closed","ping_status":"closed","template":"","meta":[],"acf":[],"_links":{"self":[{"href":"https:\/\/isfdimi-cba.infd.edu.ar\/sitio\/wp-json\/wp\/v2\/pages\/816"}],"collection":[{"href":"https:\/\/isfdimi-cba.infd.edu.ar\/sitio\/wp-json\/wp\/v2\/pages"}],"about":[{"href":"https:\/\/isfdimi-cba.infd.edu.ar\/sitio\/wp-json\/wp\/v2\/types\/page"}],"author":[{"embeddable":true,"href":"https:\/\/isfdimi-cba.infd.edu.ar\/sitio\/wp-json\/wp\/v2\/users\/319"}],"replies":[{"embeddable":true,"href":"https:\/\/isfdimi-cba.infd.edu.ar\/sitio\/wp-json\/wp\/v2\/comments?post=816"}],"version-history":[{"count":3,"href":"https:\/\/isfdimi-cba.infd.edu.ar\/sitio\/wp-json\/wp\/v2\/pages\/816\/revisions"}],"predecessor-version":[{"id":1140,"href":"https:\/\/isfdimi-cba.infd.edu.ar\/sitio\/wp-json\/wp\/v2\/pages\/816\/revisions\/1140"}],"wp:attachment":[{"href":"https:\/\/isfdimi-cba.infd.edu.ar\/sitio\/wp-json\/wp\/v2\/media?parent=816"}],"curies":[{"name":"wp","href":"https:\/\/api.w.org\/{rel}","templated":true}]}}