{"id":832,"date":"2018-08-30T13:00:15","date_gmt":"2018-08-30T16:00:15","guid":{"rendered":"https:\/\/isfdimi-cba.infd.edu.ar\/sitio\/comunidad-2\/"},"modified":"2021-05-05T19:15:44","modified_gmt":"2021-05-05T22:15:44","slug":"comunidad-2","status":"publish","type":"page","link":"https:\/\/isfdimi-cba.infd.edu.ar\/sitio\/comunidad-2\/","title":{"rendered":"Comunidad"},"content":{"rendered":"<p style=\"text-align: center;\">\u00a0<span style=\"font-size: 10pt;\"><strong><span style=\"color: #0000ff;\">Comunidad del Nivel Inicial:<\/span><\/strong><\/span><\/p>\n<p style=\"text-align: center;\">Directivos del Nivel Inicial<\/p>\n<p style=\"text-align: center;\">Directora:\u00a0Silvanadel Milagro Castagno<\/p>\n<p style=\"text-align: center;\">Vicedirectora: M\u00f3nica Reartes<\/p>\n<p style=\"text-align: center;\">Se\u00f1oritas<\/p>\n<p style=\"text-align: center;\">Luciana Utrera<br \/>\nCarolina Rossi<\/p>\n<p>&nbsp;<\/p>\n<p style=\"text-align: center;\">Especialidades:<br \/>\nM\u00fasica:<br \/>\nIngl\u00e9s: Gimena Vega<br \/>\nEducaci\u00f3n F\u00edsica: Monica Reartes<\/p>\n<p style=\"text-align: center;\"><span style=\"font-size: 10pt;\"><strong><span style=\"color: #0000ff;\">Comunidad del Nivel Primario<\/span><\/strong><\/span><\/p>\n<p style=\"text-align: center;\">Directora:\u00a0Silvana del Milagro Castagno<br \/>\nVicedirectora:\u00a0M\u00f3nica Reartes<\/p>\n<p style=\"text-align: center;\">Docentes:<br \/>\n1\u00ba Grado:<\/p>\n<p style=\"text-align: center;\">2\u00ba Grado:<\/p>\n<p style=\"text-align: center;\">3\u00ba Grado:Arposio Julieta Soledad<\/p>\n<p style=\"text-align: center;\">4\u00ba Grado:<\/p>\n<p style=\"text-align: center;\">5\u00ba Grado:\u00a0M\u00f3nica Beatriz Leibovich<br \/>\nAlejandra del Valle Cravanzola<\/p>\n<p style=\"text-align: center;\">6\u00ba Grado:Alejandra del Valle Cravanzola<br \/>\nM\u00f3nica Beatriz Leibovich<\/p>\n<p style=\"text-align: center;\">Jornada Ampliada:<br \/>\nMar\u00eda Jimena Vega &#8211; Ingl\u00e9s<br \/>\n&#8211; Cs. Naturales<br \/>\n&#8211; Literatura<br \/>\n&#8211; Ed. Musical<\/p>\n<p style=\"text-align: center;\">Ramos Especiales:<\/p>\n<p style=\"text-align: center;\">Susana Mabel Alassia &#8211; Prof. en Ed. Pl\u00e1stica y Ed. Tecnol\u00f3gica<br \/>\nDavid Javier Arese &#8211; Prof.en Ed. F\u00edsica<br \/>\n&#8211; Prof. en Ed. Musical<br \/>\nM\u00f3nica Alejandra Reartes &#8211; Prof.en Ed. F\u00edsica<br \/>\nLorena P\u00eda Vulecovich &#8211; Prof. en Inform\u00e1tica<\/p>\n<p style=\"text-align: center;\">Vega Mar\u00eda Jimena &#8211; Prof de Ingl\u00e9s<\/p>\n<p>&nbsp;<\/p>\n","protected":false},"excerpt":{"rendered":"<p>\u00a0Comunidad del Nivel Inicial: Directivos del Nivel Inicial Directora:\u00a0Silvanadel Milagro Castagno Vicedirectora: M\u00f3nica Reartes Se\u00f1oritas Luciana Utrera Carolina Rossi &nbsp; Especialidades: M\u00fasica: Ingl\u00e9s: Gimena Vega Educaci\u00f3n F\u00edsica: Monica Reartes Comunidad del Nivel Primario Directora:\u00a0Silvana del Milagro Castagno Vicedirectora:\u00a0M\u00f3nica Reartes Docentes: 1\u00ba Grado: 2\u00ba Grado: 3\u00ba Grado:Arposio Julieta Soledad 4\u00ba Grado: 5\u00ba Grado:\u00a0M\u00f3nica Beatriz Leibovich Alejandra &#8230; <a title=\"Comunidad\" class=\"read-more\" href=\"https:\/\/isfdimi-cba.infd.edu.ar\/sitio\/comunidad-2\/\" aria-label=\"More on Comunidad\">[+]<\/a><\/p>\n","protected":false},"author":319,"featured_media":0,"parent":0,"menu_order":0,"comment_status":"closed","ping_status":"closed","template":"","meta":[],"acf":[],"_links":{"self":[{"href":"https:\/\/isfdimi-cba.infd.edu.ar\/sitio\/wp-json\/wp\/v2\/pages\/832"}],"collection":[{"href":"https:\/\/isfdimi-cba.infd.edu.ar\/sitio\/wp-json\/wp\/v2\/pages"}],"about":[{"href":"https:\/\/isfdimi-cba.infd.edu.ar\/sitio\/wp-json\/wp\/v2\/types\/page"}],"author":[{"embeddable":true,"href":"https:\/\/isfdimi-cba.infd.edu.ar\/sitio\/wp-json\/wp\/v2\/users\/319"}],"replies":[{"embeddable":true,"href":"https:\/\/isfdimi-cba.infd.edu.ar\/sitio\/wp-json\/wp\/v2\/comments?post=832"}],"version-history":[{"count":4,"href":"https:\/\/isfdimi-cba.infd.edu.ar\/sitio\/wp-json\/wp\/v2\/pages\/832\/revisions"}],"predecessor-version":[{"id":1135,"href":"https:\/\/isfdimi-cba.infd.edu.ar\/sitio\/wp-json\/wp\/v2\/pages\/832\/revisions\/1135"}],"wp:attachment":[{"href":"https:\/\/isfdimi-cba.infd.edu.ar\/sitio\/wp-json\/wp\/v2\/media?parent=832"}],"curies":[{"name":"wp","href":"https:\/\/api.w.org\/{rel}","templated":true}]}}