{"id":871,"date":"2019-03-24T10:14:56","date_gmt":"2019-03-24T13:14:56","guid":{"rendered":"https:\/\/isfdimi-cba.infd.edu.ar\/sitio\/?page_id=871"},"modified":"2020-06-28T11:16:54","modified_gmt":"2020-06-28T14:16:54","slug":"recursos","status":"publish","type":"page","link":"https:\/\/isfdimi-cba.infd.edu.ar\/sitio\/recursos\/","title":{"rendered":"Recursos N.S.- Actividades Virtuales"},"content":{"rendered":"<h4><span style=\"color: #800080;\">Actividades Virtuales para los estudiantes del Nivel Secundario por la suspensi\u00f3n de clases con motivo de la pandemia Corona Virus<\/span><\/h4>\n<h4><span style=\"color: #993300;\">Ingresar al enlace seg\u00fan el a\u00f1o y materia correspondiente<\/span><\/h4>\n<p><strong><span style=\"color: #0000ff;\">1\u00ba A\u00d1O<\/span><\/strong><\/p>\n<table style=\"height: 438px;\" width=\"925\">\n<tbody>\n<tr>\n<td width=\"150\"><a href=\"https:\/\/docs.google.com\/document\/d\/1eLU466Ein87u7YLu6rlG3sM6JIOcKzn5\/edit\">Lengua y Literatura<\/a><\/td>\n<\/tr>\n<tr>\n<td><a href=\"https:\/\/docs.google.com\/document\/d\/1U4VprFdT3qgbM-lGP-M-8iadkEltN5p8n-0bVwx0Fx8\/edit?usp=sharing\">Matem\u00e1tica<\/a><\/td>\n<\/tr>\n<tr>\n<td><a href=\"https:\/\/mail.google.com\/mail\/u\/0?ui=2&amp;ik=67b0adcc2f&amp;attid=0.1&amp;permmsgid=msg-f:1667038597304444344&amp;th=172282c59b3265b8&amp;view=att&amp;disp=safe&amp;realattid=f_kackx7cn0\">Cs.Naturales: Biolog\u00eda<\/a><\/td>\n<\/tr>\n<tr>\n<td><a href=\"https:\/\/drive.google.com\/file\/d\/16rjXI9psjZS6O2NSn5wmYHN9fiuE3Huf\/view?usp=sharing\">Cs.Naturales:F\u00edsica<\/a><\/td>\n<\/tr>\n<tr>\n<td><a href=\"https:\/\/app.luminpdf.com\/viewer\/5ede82b679bbe600190535b3\">Cs.Sociales: Geograf\u00eda<\/a><\/td>\n<\/tr>\n<tr>\n<td><a href=\"https:\/\/docs.google.com\/document\/d\/12GtejE_8sj7rOBYHmUmAeXB-3n9xI6reoAhL9hohwCQ\/edit?ts=5eaf3463\">Ingl\u00e9s<\/a><\/td>\n<\/tr>\n<tr>\n<td><a href=\"https:\/\/docs.google.com\/document\/d\/1HWVHzvu3B9oSNqYj5YhwCTDhVfpJlafc\/edit\">Educ.Art\u00edst.:Art.Visuales<\/a><\/td>\n<\/tr>\n<tr>\n<td>Educ.Tecnol\u00f3gica<\/td>\n<\/tr>\n<tr>\n<td><a href=\"https:\/\/drive.google.com\/file\/d\/1Qc7A6tebWja1vb9CCH1Y5Ywd2de2HZcs\/view?ts=5e826517\">Ciud.y Participaci\u00f3n<\/a><\/td>\n<\/tr>\n<tr>\n<td><a href=\"https:\/\/docs.google.com\/document\/d\/1tkzLISatxTx-PUFTsfeMjwHje62rwkoPFnnGlGaGB8k\/edit\">Educ.F\u00edsica<\/a><\/td>\n<\/tr>\n<tr>\n<td><a href=\"https:\/\/drive.google.com\/file\/d\/1eqOPmulF0F5BHsLNwREsuqwWwbkjOYA5\/view?usp=sharing\">Catequesis<\/a><\/td>\n<\/tr>\n<\/tbody>\n<\/table>\n<p>&nbsp;<\/p>\n<p><strong><span style=\"color: #0000ff;\">2\u00ba A\u00d1O<\/span><\/strong><\/p>\n<table width=\"150\">\n<tbody>\n<tr>\n<td width=\"150\">Lengua y Literatura<\/td>\n<\/tr>\n<tr>\n<td><a href=\"https:\/\/drive.google.com\/file\/d\/1_wt2CTF1Hlgi1PDlYk4WDEvJWZzcPcM6\/view?usp=sharing\">Matem\u00e1tica<\/a><\/td>\n<\/tr>\n<tr>\n<td><a href=\"https:\/\/docs.google.com\/document\/d\/16fgF5aBz2J_nOW6mCYSnJPg3k5iOY0DJ\/edit\">Cs.Naturales:Qu\u00edmica<\/a><\/td>\n<\/tr>\n<tr>\n<td><a href=\"https:\/\/drive.google.com\/file\/d\/1P3Rk60zfaYctRi6JZGEo-06P7ybTf2ZI\/view\">Cs.Naturales:Biolog\u00eda<\/a><\/td>\n<\/tr>\n<tr>\n<td><a href=\"https:\/\/drive.google.com\/file\/d\/11JmNh2eq0xgC6_sBsmhLEgSsSg83Rola\/view?usp=sharing\">Cs.Sociales:Historia<\/a><\/td>\n<\/tr>\n<tr>\n<td>Ingl\u00e9s<\/td>\n<\/tr>\n<tr>\n<td><a href=\"https:\/\/docs.google.com\/document\/d\/17UFAgbn0vQZabqWl5EzwOL09Y6YU5drG\/edit\">Educ.Art\u00edst.:M\u00fasica<\/a><\/td>\n<\/tr>\n<tr>\n<td><a href=\"https:\/\/docs.google.com\/document\/d\/1Rl3hrwfuLC-y_PiQlLSGY2MzsqdBBhuq\/edit#heading=h.gjdgxs\">Educ.Tecnol\u00f3gica<\/a><\/p>\n<p><a href=\"https:\/\/docs.google.com\/document\/d\/1Rl3hrwfuLC-y_PiQlLSGY2MzsqdBBhuq\/edit#heading=h.gjdgxs\">https:\/\/www.luminpdf.com\/viewer\/5e714eea76bad00017f14822<\/a><\/td>\n<\/tr>\n<tr>\n<td><a href=\"https:\/\/drive.google.com\/file\/d\/13UrtntGC9hJVZP8xB48QNNX1SAdf9w5b\/view?usp=sharing\">Ciud.y Participaci\u00f3n<\/a><\/td>\n<\/tr>\n<tr>\n<td><a href=\"https:\/\/docs.google.com\/document\/d\/15DK1ejsqYveTiV5KnS6mmqWEcpIpMdtW\/edit\">Educ.F\u00edsica<\/a><\/td>\n<\/tr>\n<tr>\n<td><a href=\"https:\/\/drive.google.com\/file\/d\/1ER_E0zCjxn4zyYxC7PlK_dqHNXevwDZS\/view?usp=sharing\">Catequesis<\/a><\/td>\n<\/tr>\n<\/tbody>\n<\/table>\n<p>&nbsp;<\/p>\n<p><strong><span style=\"color: #0000ff;\">3\u00ba A\u00d1O<\/span><\/strong><\/p>\n<table width=\"150\">\n<tbody>\n<tr>\n<td width=\"150\"><a href=\"https:\/\/drive.google.com\/file\/d\/1RLCKM69iRCYKSmIkkXhcHR-41OlxdNGM\/view\">Lengua y Literatura<\/a><\/td>\n<\/tr>\n<tr>\n<td><a href=\"https:\/\/drive.google.com\/file\/d\/1OTGQ7JKsBbaRaM_1HFGa1znfYHPLwFHe\/view?usp=sharing\">Matem\u00e1tica<\/a><\/td>\n<\/tr>\n<tr>\n<td><a href=\"https:\/\/drive.google.com\/file\/d\/1_S4DAzOU3imIH8i3FZ8F3n54p2yxreGc\/view?usp=sharing\">Cs.Naturales:F\u00edsica<\/a><\/td>\n<\/tr>\n<tr>\n<td><a href=\"https:\/\/docs.google.com\/document\/d\/1qzx3sYl4oKsoiV4fAUZaa6_gcDraKwC1\/edit\">Cs. Naturales: Qu\u00edmica<\/a><\/td>\n<\/tr>\n<tr>\n<td><a href=\"https:\/\/app.luminpdf.com\/viewer\/5ede99b6be2be500198bd163\">Cs.Sociales:Geograf\u00eda<\/a><\/td>\n<\/tr>\n<tr>\n<td><a href=\"https:\/\/drive.google.com\/file\/d\/16tLJO6drkdvgZzdDvXG7WD1rCbeQ-esl\/view?usp=sharing\">Cs.Sociales:Historia<\/a><\/td>\n<\/tr>\n<tr>\n<td>Ingl\u00e9s<\/td>\n<\/tr>\n<tr>\n<td><a href=\"https:\/\/docs.google.com\/document\/d\/1kYG4vB3cMboT2qZD2EHAghAutrgASoC6\/edit\">Educ.Artist.:M\u00fas-Art.Vis.<\/a><\/td>\n<\/tr>\n<tr>\n<td><a href=\"https:\/\/docs.google.com\/document\/d\/1eAMY64J6Pt87cZdDaLm4rB1bsgWgj100\/edit#heading=h.gjdgxs\">Educ.Tecnol\u00f3gica<\/a><\/td>\n<\/tr>\n<tr>\n<td>Form.p\/la Vida y el Trab.<\/td>\n<\/tr>\n<tr>\n<td><a href=\"https:\/\/docs.google.com\/document\/d\/1QV4Dx9YBTondqZKs6QThOCxOE-TC0GgV\/edit\">Educ.F\u00edsica<\/a><\/td>\n<\/tr>\n<tr>\n<td><a href=\"https:\/\/drive.google.com\/file\/d\/1NSpijkmlj_FRtQygx3_sDoxBO87KltGT\/view?usp=sharing_eil&amp;ts=5ed7de69\">Catequesis<\/a><\/td>\n<\/tr>\n<\/tbody>\n<\/table>\n<p>&nbsp;<\/p>\n<p><strong><span style=\"color: #0000ff;\">4\u00ba A\u00d1O<\/span><\/strong><\/p>\n<table width=\"150\">\n<tbody>\n<tr>\n<td width=\"150\"><a href=\"https:\/\/drive.google.com\/file\/d\/1zpXiE5n2nYHDsdqBmDYlYZXM_tD5bYMu\/view?usp=sharing\">Matem\u00e1tica<\/a><\/td>\n<\/tr>\n<tr>\n<td><a href=\"https:\/\/drive.google.com\/file\/d\/1vWok5QTraE3hV5J31SvbmF8hkr98M_xO\/view\">Lengua y Literatura<\/a><\/td>\n<\/tr>\n<tr>\n<td><a href=\"https:\/\/drive.google.com\/file\/d\/1bZ4SP13FtM3UqcJZL0muFbHwGWQZ_nLu\/view?usp=sharing\">Biolog\u00eda<\/a><\/td>\n<\/tr>\n<tr>\n<td><a href=\"https:\/\/app.luminpdf.com\/viewer\/5ede9a5508d7df00198a79e5\">Geograf\u00eda<\/a><\/td>\n<\/tr>\n<tr>\n<td><a href=\"https:\/\/docs.google.com\/document\/d\/1tNjK0QZvBTJEp3zOaUUtsNjghwPrUci7ChLLcYESej8\/edit?usp=sharing\">Historia<\/a><\/td>\n<\/tr>\n<tr>\n<td>Lengua Extranjera-<a href=\"https:\/\/docs.google.com\/document\/d\/1c5CJ2B07CePyl5BCvFn-0EXm3tqHNTrGRvt5R3A6LR4\/edit?ts=5e8c82b7\">Ingl\u00e9s<\/a><\/td>\n<\/tr>\n<tr>\n<td><a href=\"https:\/\/docs.google.com\/document\/d\/1TPLAQymRMYnoJsoxDji9Wb8kZIWy7Hcz\/edit\">Educ.Art.:Art.Visuales<\/a><\/td>\n<\/tr>\n<tr>\n<td><a href=\"https:\/\/docs.google.com\/document\/d\/1xLAl55EXDI3qd-6-RLdyvL1pSJLmIjYw\/edit\">Educ.F\u00edsica<\/a><\/td>\n<\/tr>\n<tr>\n<td><a href=\"https:\/\/docs.google.com\/document\/d\/1LY62i0NtiBg2Sf-Ga3mEYIZVJ_-EW4OM\/edit\">Form.p\/la Vida y el Trab.<\/a><\/td>\n<\/tr>\n<tr>\n<td><a href=\"https:\/\/drive.google.com\/file\/d\/1Ead5zRTtynxo9mTY7AOAYC1RC1lWkbE-\/view?usp=sharing\">Antrop.Soc. y Cultural<\/a><\/td>\n<\/tr>\n<tr>\n<td><a href=\"https:\/\/drive.google.com\/open?id=1E6Z9CARLS0rM2GorH13MkN27w3B4hQ41\">Prod. Audiovisual Digial<\/a><\/td>\n<\/tr>\n<tr>\n<td><a href=\"https:\/\/drive.google.com\/file\/d\/1ejI6lxnsebKosb8vddbPwoamgV1k5L4J\/view?usp=sharing\">Catequesis<\/a><\/td>\n<\/tr>\n<\/tbody>\n<\/table>\n<p>&nbsp;<\/p>\n<p><strong><span style=\"color: #0000ff;\">5\u00ba A\u00d1O<\/span><\/strong><\/p>\n<table width=\"150\">\n<tbody>\n<tr>\n<td width=\"150\"><a href=\"https:\/\/drive.google.com\/file\/d\/1ojzheUl4DjRiJRMPxFJ9u2PZI7Kc6tsX\/view?usp=sharing\">Matem\u00e1tica<\/a><\/td>\n<\/tr>\n<tr>\n<td><a href=\"https:\/\/drive.google.com\/file\/d\/1Q0Q3QwEZROknqJQAUb5y43bmGq834c_6\/view?usp=sharing\">Lengua y Literatura<\/a><\/td>\n<\/tr>\n<tr>\n<td><a href=\"https:\/\/drive.google.com\/file\/d\/1rbzHOH8AJQZ9IfDlkVZMQOVT4-jjOhRc\/view?usp=sharing\">F\u00edsica<\/a><\/td>\n<\/tr>\n<tr>\n<td><a href=\"https:\/\/drive.google.com\/file\/d\/18h8bKgYSkIkwoaEDOw1pxoCLZWN0z7oU\/view?usp=sharing_eil&amp;ts=5ebec355\">Geograf\u00eda<\/a><\/td>\n<\/tr>\n<tr>\n<td><a href=\"https:\/\/drive.google.com\/file\/d\/1JwNeuh1dswDDv1HWmfZnUHQJGNxJC00S\/view?usp=sharing\">Historia<\/a><\/td>\n<\/tr>\n<tr>\n<td><a href=\"https:\/\/drive.google.com\/drive\/u\/0\/my-drive\">Ingl\u00e9s<\/a><\/td>\n<\/tr>\n<tr>\n<td><a href=\"https:\/\/docs.google.com\/document\/d\/1ClkxIaieNuDcL6xsuhGIeO-eXeL9OQCywTe0syH9WIE\/edit?usp=sharing\">M\u00fasica<\/a><\/td>\n<\/tr>\n<tr>\n<td><a href=\"https:\/\/drive.google.com\/file\/d\/18057P4-tMMc38BMe4Gy4o_TISpmVOZ63\/view?usp=sharing\">Psicolog\u00eda<\/a><\/td>\n<\/tr>\n<tr>\n<td><a href=\"https:\/\/drive.google.com\/file\/d\/1uIHhD-Hzo6oU9d8CmHkaxgUQbGUVFQXw\/view?usp=sharing\">Educ.F\u00edsica<\/a><\/td>\n<\/tr>\n<tr>\n<td><a href=\"https:\/\/docs.google.com\/document\/d\/115cC7-Whms0JVUwFvE1BM8h0XB6fiJDzcJGX9wI62pE\/edit\">Form.p\/la Vida y el Trab.<\/a><\/td>\n<\/tr>\n<tr>\n<td><a href=\"https:\/\/drive.google.com\/file\/d\/17teFHZ7m6gUMPM4-n6BoQOPwoIYrvhvP\/view?usp=sharing_eil&amp;ts=5ef6288c\">Sociolog\u00eda<\/a><\/td>\n<\/tr>\n<tr>\n<td>Emprend.en Medios<\/td>\n<\/tr>\n<tr>\n<td><a href=\"https:\/\/drive.google.com\/file\/d\/1WA8PGUoRPOSmjixA0hNgTdSmkfMizEcm\/view?usp=sharing\">Catequesis<\/a><\/td>\n<\/tr>\n<\/tbody>\n<\/table>\n<p>&nbsp;<\/p>\n<p><strong><span style=\"color: #0000ff;\">6\u00ba A\u00d1O<\/span><\/strong><\/p>\n<table width=\"150\">\n<tbody>\n<tr>\n<td width=\"150\"><a href=\"https:\/\/drive.google.com\/file\/d\/1jUUFRTq7YBZ2UzKY7ULSKnuke8QhJUjc\/view?usp=sharing\">Matem\u00e1tica<\/a><\/td>\n<\/tr>\n<tr>\n<td><a href=\"https:\/\/drive.google.com\/file\/d\/1lZo8U38Bxz6bpszfykyXSJldblswIvD9\/view?usp=sharing\">Lengua Castellana<\/a><\/td>\n<\/tr>\n<tr>\n<td><a href=\"https:\/\/www.camscanner.com\/share\/show?encrypt_id=MHg2MGMxZGQ0OQ%3D%3D&amp;sid=D6828B36C29D4530af74C7TS\">Qu\u00edmica<\/a><\/td>\n<\/tr>\n<tr>\n<td>Geograf\u00eda<\/td>\n<\/tr>\n<tr>\n<td><a href=\"https:\/\/drive.google.com\/file\/d\/1rKVWXriv_XUncPpqDIrSKeyFHrS6bD9g\/view?usp=sharing\">Historia<\/a><\/td>\n<\/tr>\n<tr>\n<td><a href=\"https:\/\/docs.google.com\/document\/d\/1skWUMRLBPVn-DO24zhpkfwznnL3dau-Uy_PoY1-x9HM\/edit?ts=5e8c90ba\">Ingl\u00e9s<\/a><\/td>\n<\/tr>\n<tr>\n<td><a href=\"https:\/\/drive.google.com\/file\/d\/1M7gQxyfve6I4ddt2zhw0_wqmvE_myoV8\/view\">Teatro<\/a><\/td>\n<\/tr>\n<tr>\n<td><a href=\"https:\/\/drive.google.com\/file\/d\/1tCXJD31ArsSnMWvzQxGivln_1lqu2z6W\/view?usp=sharing_eil&amp;ts=5e8b99dd\">Ciudadan\u00eda y Pol\u00edtica<\/a><\/td>\n<\/tr>\n<tr>\n<td><a href=\"https:\/\/docs.google.com\/document\/d\/1zTVGWBVzda5zl1AwXIjAfC7YjuzSugZy\/edit\">Filosof\u00eda<\/a><\/td>\n<\/tr>\n<tr>\n<td><a href=\"https:\/\/drive.google.com\/file\/d\/1uIHhD-Hzo6oU9d8CmHkaxgUQbGUVFQXw\/view?usp=sharing\">Educ.F\u00edsica<\/a><\/td>\n<\/tr>\n<tr>\n<td><a href=\"https:\/\/docs.google.com\/document\/d\/1ouhBlsVYKQlg4n8v5v4n0UlbG3ZNrWio\/edit\">Form.p\/la Vida y el Trab<\/a><a href=\"https:\/\/docs.google.com\/document\/d\/1zTVGWBVzda5zl1AwXIjAfC7YjuzSugZy\/edit\">.<\/a><\/td>\n<\/tr>\n<tr>\n<td><a href=\"https:\/\/drive.google.com\/file\/d\/113d68UFNlhw0hiMoSfa0YucEo4F83vdc\/view?usp=sharing\">Econom\u00eda Pol\u00edtica<\/a><\/td>\n<\/tr>\n<tr>\n<td>Tec.de la Inf. Y la Com.<\/td>\n<\/tr>\n<tr>\n<td><a href=\"https:\/\/drive.google.com\/file\/d\/18057P4-tMMc38BMe4Gy4o_TISpmVOZ63\/view?usp=sharing\">Catequesis<\/a><\/td>\n<\/tr>\n<\/tbody>\n<\/table>\n<p>&nbsp;<\/p>\n<p>&nbsp;<\/p>\n","protected":false},"excerpt":{"rendered":"<p>Actividades Virtuales para los estudiantes del Nivel Secundario por la suspensi\u00f3n de clases con motivo de la pandemia Corona Virus Ingresar al enlace seg\u00fan el a\u00f1o y materia correspondiente 1\u00ba A\u00d1O Lengua y Literatura Matem\u00e1tica Cs.Naturales: Biolog\u00eda Cs.Naturales:F\u00edsica Cs.Sociales: Geograf\u00eda Ingl\u00e9s Educ.Art\u00edst.:Art.Visuales Educ.Tecnol\u00f3gica Ciud.y Participaci\u00f3n Educ.F\u00edsica Catequesis &nbsp; 2\u00ba A\u00d1O Lengua y Literatura Matem\u00e1tica Cs.Naturales:Qu\u00edmica &#8230; <a title=\"Recursos N.S.- Actividades Virtuales\" class=\"read-more\" href=\"https:\/\/isfdimi-cba.infd.edu.ar\/sitio\/recursos\/\" aria-label=\"More on Recursos N.S.- Actividades Virtuales\">[+]<\/a><\/p>\n","protected":false},"author":319,"featured_media":0,"parent":0,"menu_order":0,"comment_status":"closed","ping_status":"closed","template":"","meta":[],"acf":[],"_links":{"self":[{"href":"https:\/\/isfdimi-cba.infd.edu.ar\/sitio\/wp-json\/wp\/v2\/pages\/871"}],"collection":[{"href":"https:\/\/isfdimi-cba.infd.edu.ar\/sitio\/wp-json\/wp\/v2\/pages"}],"about":[{"href":"https:\/\/isfdimi-cba.infd.edu.ar\/sitio\/wp-json\/wp\/v2\/types\/page"}],"author":[{"embeddable":true,"href":"https:\/\/isfdimi-cba.infd.edu.ar\/sitio\/wp-json\/wp\/v2\/users\/319"}],"replies":[{"embeddable":true,"href":"https:\/\/isfdimi-cba.infd.edu.ar\/sitio\/wp-json\/wp\/v2\/comments?post=871"}],"version-history":[{"count":136,"href":"https:\/\/isfdimi-cba.infd.edu.ar\/sitio\/wp-json\/wp\/v2\/pages\/871\/revisions"}],"predecessor-version":[{"id":1097,"href":"https:\/\/isfdimi-cba.infd.edu.ar\/sitio\/wp-json\/wp\/v2\/pages\/871\/revisions\/1097"}],"wp:attachment":[{"href":"https:\/\/isfdimi-cba.infd.edu.ar\/sitio\/wp-json\/wp\/v2\/media?parent=871"}],"curies":[{"name":"wp","href":"https:\/\/api.w.org\/{rel}","templated":true}]}}